543
Convert -153041040 (base 6) to base 3.
-20001211102220
20202330003 (base 5) to base 15
1bc11a3
52e6b (base 16) to base 5
41331223
What is -1101 (base 15) in base 6?
-24401
Convert 228732 (base 9) to base 2.
100001100110110000
Convert -12131212223 (base 4) to base 10.
-1694123
What is -303027 (base 9) in base 12?
-87967
12002102000 (base 3) to base 2
11000011101001010
Convert -61744d (base 16) to base 5.
-3113334030
Convert -21103404 (base 7) to base 16.
-1b33f3
412013 (base 6) to base 9
50040
Convert -57477 (base 8) to base 6.
-304515
-132202 (base 8) to base 4
-23102002
Convert -24ac53 (base 16) to base 9.
-4462766
-153217 (base 9) to base 14
-2649d
221a67 (base 13) to base 3
1111211102221
Convert -344172 (base 11) to base 8.
-2054651
What is 132331351 (base 6) in base 15?
3724a7
Convert -71209a (base 11) to base 9.
-2134285
Convert 14a00a (base 11) to base 3.
102211112020
What is -11402104100 (base 5) in base 16?
-cb3036
What is -a8678a (base 13) in base 2?
-1111000101110010111001
Convert 421532143 (base 6) to base 3.
111212100100100
Convert -112240020 (base 6) to base 16.
-1fa40c
76104 (base 10) to base 3
10212101200
What is 3300111020 (base 4) in base 3?
1212000022222
3e67c9 (base 15) to base 16
2de979
13321001222 (base 4) to base 15
2acdab
What is 12222112121121 (base 3) in base 13?
87433c
What is -2004510 (base 6) in base 2?
-10111000010011010
Convert -a0dc39 (base 14) to base 16.
-52a57b
What is -50683 (base 10) in base 6?
-1030351
Convert 1165660 (base 7) to base 6.
3122401
1268209 (base 10) to base 16
1359f1
What is -101223320200 (base 4) in base 13?
-c64312
110101100101001110010 (base 2) to base 12
708096
Convert -102122103211 (base 4) to base 16.
-49a4e5
Convert 32580 (base 12) to base 4.
100032300
Convert 123211300 (base 4) to base 10.
113008
2210112102 (base 3) to base 13
1c0a9
Convert 1776558 (base 12) to base 4.
102220122110
-67672 (base 10) to base 3
-10102211101
Convert 120323233 (base 5) to base 4.
2020031313
What is -10688 (base 9) in base 8?
-15727
Convert 35656 (base 14) to base 16.
1fcac
7f6629 (base 16) to base 14
1174a13
Convert 541065 (base 9) to base 3.
121101002012
Convert -12a87 (base 13) to base 10.
-34756
-53870 (base 13) to base 2
-100100110100110111
134485 (base 11) to base 16
337bb
5434330 (base 6) to base 9
450320
-1111012010001 (base 3) to base 2
-11000001001000000111
213020313 (base 4) to base 10
160311
Convert 32b28 (base 13) to base 12.
45282
Convert -361454 (base 7) to base 11.
-4515a
What is 25c67 (base 16) in base 2?
100101110001100111
What is 12011000000110 (base 3) in base 16?
29bf4d
Convert -12032072 (base 10) to base 5.
-11040011242
What is -14545032 (base 6) in base 14?
-d46ba
Convert 4b9601 (base 15) to base 13.
99c62b
-10021100100111 (base 3) to base 13
-48b662
What is -133b89 (base 14) in base 10?
-663581
111101001010110001 (base 2) to base 16
3d2b1
-9d3a1 (base 16) to base 10
-644001
Convert -141543 (base 9) to base 3.
-11101121110
Convert -350203 (base 7) to base 6.
-1201251
What is 15829 (base 13) in base 2?
1001111111100101
867414 (base 9) to base 5
113022243
-42456d (base 14) to base 10
-2240181
Convert 1018746 (base 10) to base 15.
151cb6
a24d5 (base 15) to base 16
7d834
-6665620 (base 11) to base 8
-54461651
-94122 (base 10) to base 9
-153100
What is 433858 (base 10) in base 8?
1517302
What is 321012200 (base 4) in base 9?
385745
2310522 (base 6) to base 5
12240010
11011010101100100000 (base 2) to base 4
3122230200
What is -432601 (base 7) in base 8?
-223224
12210424 (base 5) to base 3
12220121210
What is 1727134 (base 8) in base 13?
148182
What is -10324273 (base 8) in base 16?
-21a8bb
What is 66a269 (base 11) in base 14?
1db1bd
Convert -2512a0 (base 12) to base 10.
-603480
-1122202020012 (base 3) to base 6
-30513435
Convert -141cd (base 14) to base 10.
-49769
4296802 (base 10) to base 12
15326aa
Convert -132b05 (base 12) to base 14.
-83297
What is -12033050 (base 6) in base 7?
-3132333
Convert -5326 (base 13) to base 2.
-10110100000100
-316562 (base 7) to base 4
-31132001
Convert 2105976 (base 10) to base 6.
113045520
What is 12868448 (base 9) in base 3?
102222022111122
Convert 30533 (base 9) to base 11.
1412a
Convert -13023212142 (base 5) to base 13.
-33858ca
Convert -10c8 (base 16) to base 2.
-1000011001000
What is 10100010110011 (base 2) in base 8?
24263
79911 (base 12) to base 11
1007a5
Convert -231001020 (base 4) to base 16.
-2d048
Convert 201120212012121 (base 3) to base 10.
10409542
-b108bb (base 13) to base 16
-3ec772
Convert -111110111021 (base 3) to base 11.
-1710a6
5610253 (base 7) to base 8
2506650
Convert -112231300 (base 4) to base 5.
-10434130
What is 517741 (base 8) in base 12?
83655
What is -1202540 (base 6) in base 7?
-351135
What is -10110101010101011111110 (base 2) in base 11?
-3399361
Convert 311414144 (base 5) to base 10.
1279299
Convert -dcf1 (base 16) to base 4.
-31303301
101011100110000 (base 2) to base 5
1203240
What is 45409 (base 10) in base 4?
23011201
Convert 3100131 (base 5) to base 16.
c379
What is -508d65 (base 15) in base 14?
-7188d9
4053105 (base 7) to base 11
300443
What is a80477 (base 11) in base 10?
1728206
What is 1da7b7 (base 15) in base 9?
2654121
What is -134a426 (base 11) in base 6?
-121513340
What is -43442133 (base 5) in base 10?
-374668
4e46b0 (base 15) to base 14
6dca1b
Convert 1370782 (base 9) to base 7.
6263423
Convert -cc27 (base 16) to base 4.
-30300213
44b04 (base 13) to base 7
1030061
What is -2005555 (base 6) in base 3?
-11210202222
270331 (base 8) to base 15
1cea0
Convert -1207271 (base 9) to base 15.
-ce07d
-105b6b (base 13) to base 7
-3160123
-105764 (base 8) to base 9
-54128
What is -101133302120 (base 4) in base 13?
-c478c1
What is -755ac7 (base 13) in base 15?
-396314
2441424 (base 6) to base 14
35520
What is -11222024 (base 6) in base 16?
-54460
-4656b9 (base 14) to base 4
-21021022303
Convert 14047272 (base 8) to base 10.
3165882
What is 20210210021222 (base 3) in base 8?
15631351
What is 1520354 (base 7) in base 3?
101111111112
Convert -cca429 (base 14) to base 16.
-69f1a5
What is 525636 (base 8) in base 14?
47ac6
What is -485455 (base 9) in base 6?
-10135035
Convert -3c11d (base 15) to base 3.
-100210020101
What is -2233124444 (base 5) in base 10?
-4973749
46286 (base 11) to base 10
66886
Convert -6869 (base 16) to base 10.
-26729
Convert 51277 (base 12) to base 16.
19d3b
Convert -326813 (base 13) to base 6.
-41224355
Convert -261342 (base 9) to base 16.
-26b0a
Convert 3575277 (base 9) to base 2.
111011001011110101100
-1405504 (base 6) to base 9
-130354
Convert 1300232123 (base 4) to base 2.
1110000101110011011
-11110203 (base 4) to base 10
-21795
What is 5311205 (base 7) in base 16?
9c9e9
Convert -1102031132 (base 4) to base 8.
-1221536
2179325 (base 12) to base 10
6381965
What is 204aa25 (base 13) in base 7?
146140542
What is -10331310033 (base 4) in base 10?
-1301775
Convert -200201110212202 (base 3) to base 10.
-9949304
Convert 8bd0a (base 14) to base 9.
567435
Convert -9e01c (base 16) to base 10.
-647196
What is 111001201020012 (base 3) in base 8?
32367342
Convert 4a020 (base 11) to base 2.
10001100011011000
What is 5051100 (base 6) in base 9?
405210
Convert -133003011212 (base 4) to base 5.
-4040422420
12221 (base 12) to base 14
8d05
Convert -1061a1a (base 12) to base 10.
-3113590
What is 389620 (base 10) in base 11?
246800
13977 (base 10) to base 14
5145
3ab949 (base 16) to base 3
21020112011211
-142413522 (base 6) to base 12
-b912a2
Convert -11451633 (base 7) to base 16.
-f949e
Convert 5254304 (base 6) to base 3.
111000120011
-1001011111101110001110 (base 2) to base 7
-30105142
Convert 12202222210 (base 3) to base 6.
2234250
336371 (base 8) to base 13
3cb07
What is 40230 (base 8) in base 6?
204320
What is 388797 (base 10) in base 12?
168bb9
Convert -30b02c (base 16) to base 4.
-30023000230
What is -322a2 (base 11) in base 14?
-1316b
Convert -122510235 (base 6) to base 3.
-11110120020112
5a52468 (base 11) to base 14
1586b9a
What is 10101020002 (base 3) in base 12?
3259b
What is -13143454 (base 6) in base 2?
-1101001111000011010
-100110100000100001011001 (base 2) to base 5
-10041012211
Convert 32210 (base 12) to base 10.
65964
What is -111100000111110101101 (base 2) in base 8?
-7407655
-11020112201 (base 3) 